**2 + 4*u + 10. Give b(v).
10
Suppose -3*m = -4 - 2. Let i(j) = 15*j - 1 - j**3 - 30*j - m*j**2 + 17*j. Determine i(1).
-2
Let j(m) = -2*m - 4. Suppose -2*f + 0 = 4*l + 8, 4*f = 16. Let d be (l + 3)*12/(-4). Calculate j(d).
-10
Let u(d) be the second derivative of d**5/20 - d**4/3 - d**2/2 + 6*d. Let y be u(4). Let g = y - 2. Let z(l) = -l**3 - 2*l**2 + 2*l - 3. Determine z(g).
0
Let g(i) = 2*i + 18. Let r(f) = 2*f**3 + 31*f**2 - 18*f - 44. Let u be r(-16). What is g(u)?
-6
Let n(c) = -c**3 - 16*c**2 + 16*c - 6. Let r be (-2)/(-7) - (632/56 - -6). Give n(r).
11
Let o(p) = -p**2 + 6*p - 6. Suppose -z + 1 + 8 = -j, -16 = -4*z - j. Give o(z).
-1
Suppose 0 = -z - 4*w - 21, -4*z + w - 28 = 3*w. Let t(m) = -m**2 - 5*m + 6. Determine t(z).
6
Let z be (-1)/((-3)/(-1 - -19)). Let j(p) = 8*p - z - 1 - p**2 + 1. Suppose 5*l + 4*g - g = 26, -g + 18 = 3*l. Give j(l).
1
Let s(q) be the third derivative of q**4/24 - 2*q**3/3 - q**2. Let f = 484 - 484. Give s(f).
-4
Let x(c) = -c**3 - 6*c**2 + 2*c + 2. Let l(i) = 8*i**2 - 14*i. Let s be l(1). What is x(s)?
-10
Let t be -6 + (-7)/(-14) + 2/4. Let h(w) = -w**3 - 4*w**2 + 9*w + 10. Give h(t).
-10
Let w(x) = -651336 + 4*x**2 + x - x**2 + 651333. Calculate w(4).
49
Let o(b) = 3*b - 4. Let p(j) = -3*j**3 + 5*j**2 + 3 + 61*j + 59*j + 2*j**3 - 126*j. Let m be p(2). Determine o(m).
5
Let o(j) = j - 3. Let g(r) = 1. Let h(i) = -5*g(i) - 2*o(i). Let a be 0*1/(-2) + 3. Suppose 0*w + 6 = -a*w. Calculate h(w).
5
Let h(w) = -15*w. Let k(f) = -2*f. Let c(u) = -h(u) + 10*k(u). Calculate c(1).
-5
Let r(b) = -7 - 4 + 5 - 5*b. Let n(t) = -t - 1. Let h(i) = 6*n(i) - r(i). What is h(-5)?
5
Let c(m) be the second derivative of 23*m**3/6 + 7*m. Calculate c(-1).
-23
Let f(c) = c + 5. Let d = 41 + -73. Let o be -26*(-2 - (1 + -2)). Let a = d + o. Determine f(a).
-1
Let g(f) be the third derivative of 0*f + 0 + f**2 + 0*f**3 + 1/24*f**4. Suppose -z + 4 = -2*j, -3*j - 2*j = 0. Calculate g(z).
4
Let m(d) = -d**3 + 7*d**2 - 9. Let x(f) = 5 - f + 3 - 6 + 2*f. Let k be x(5). Calculate m(k).
-9
Let x = -54 - -57. Let m = -1 + 3. Let p(r) = -2*r**2 + 4 + r - 3*r**m + 4*r**2. Calculate p(x).
-2
Let x(w) = -73 - 74 + 146 + w. Suppose -4*d + 4*f = 4, -2*f + 0*f - 1 = d. What is x(d)?
-2
Let s(d) be the first derivative of -d**7/840 + d**6/360 + 3*d**4/8 - 2*d**3 + 4. Let p(m) be the third derivative of s(m). Calculate p(0).
9
Let q(k) be the first derivative of 4*k**2 - 4*k + 552. Determine q(0).
-4
Let f(u) = -4*u**3 + 2*u**2 - 4*u + 3. Let h be f(1). Let b(x) = -x**3 - 5*x**2 - 4*x + 9. Calculate b(h).
3
Let m(r) be the second derivative of r**4/4 + r**3/3 - r**2 - 5*r - 11. Determine m(4).
54
Let l = 357 - 360. Let b(d) = 2*d**2 + 6*d + 3. Calculate b(l).
3
Let n(u) = -u**3 + 5*u**2 - 5*u + 4. Let d(g) = 5*g - 16. Let z be d(4). Let x be (6/z)/(3/10). What is n(x)?
-21
Let p(t) = 11 - 2 - 16*t**2 - 9 - 4*t + 13*t**2 + t**3. Let n = -8 - -12. What is p(n)?
0
Let a(j) = 2*j**3 - 2*j**2 - j - 2. Let x be a(0). Let q(h) = -10*h - 4. Give q(x).
16
Let o(z) = 18*z**2 - 971*z + 975*z - 8 - 17*z**2. Calculate o(6).
52
Suppose -3*i = 35*i. Let o(w) be the third derivative of 1/60*w**6 + 0*w + 0 + i*w**3 + 0*w**5 + 0*w**4 - 2*w**2. What is o(-2)?
-16
Suppose 0 = 4*b + 3*h + 23, -5*b - 3*h - 20 - 8 = 0. Let q(i) = -2*i - 6. Calculate q(b).
4
Suppose 0 = -3*i - x + 12, 3*i - 2*x = 4*i - 4. Suppose -i*w = -8 - 0. Let o(f) = 6 + f**w - 1 - 7*f + 12*f. Calculate o(-5).
5
Let a(q) = 2*q - 7. Suppose -17*t = -7*t + 180. Let j = 15 - -9. Let p = j + t. Calculate a(p).
5
Suppose -3*p = b - 7, 2*b - 2*p - p + 13 = 0. Let q(v) be the second derivative of 0 + 1/2*v**2 + 3*v + 1/2*v**3. Determine q(b).
-5
Let k = 557 + -569. Let a(s) = s**2 + 18*s + 7. Calculate a(k).
-65
Let i = -12 + 14. Let c(q) = -3*q - 5*q**2 + 6*q**2 - 1 + 2 + i. Determine c(4).
7
Let b(u) = u**3 + 4*u**2 + 2*u - 2. Let s be b(-2). Let i(t) = -s - t - 3 + 2*t + 11. Calculate i(-7).
-1
Let t(r) be the first derivative of -3*r**2/2 - 8*r - 93. Determine t(-6).
10
Let x(u) = 19*u**3 + 3*u**2 - 17*u + 18. Let n(t) = -7*t**3 - t**2 + 6*t - 7. Let q(h) = -8*n(h) - 3*x(h). What is q(2)?
-4
Let x = -2847 + 2845. Let q(z) = 10*z**2 - 24. Let m(f) = 2*f**2 - 5. Let i(w) = 14*m(w) - 3*q(w). Let s(g) be the first derivative of i(g). Calculate s(x).
8
Let o(w) be the third derivative of -w**4/8 - w**3/6 + 1834*w**2. Let k = 6 - 2. What is o(k)?
-13
Let k(p) be the first derivative of p**3/3 - 3*p**2 - 10*p + 1. Let c(l) = 2*l**2 - 12*l - 21. Let b(z) = -2*c(z) + 5*k(z). Give b(6).
-8
Let v(n) = -n + 31. Let z be v(-20). Let k be (-6)/2*(-4 - z/(-9)). Let f(c) = c**3 + 5*c**2 - c + 2. What is f(k)?
7
Let f(j) = -j**3 - 13*j**2 - 13*j - 14. Suppose -3*l - 2*o = -6, 0 = -2*l + 5*o - 8*o + 9. Suppose -7*z - 2*z - 108 = l. What is f(z)?
-2
Let j(f) = 23 - 14 - 4*f - 9. Let s be (-29 - -25) + (0 - -5). What is j(s)?
-4
Let h(k) = -k - 6. Let z be h(-6). Suppose 6*x + z - 12 = 0. Suppose -2*a + 2*f + x - 10 = 0, 0 = -3*a - f. Let d(q) = 6*q**3 + q. Determine d(a).
-7
Let i(p) = -3*p**2 - p - 1. Let f(h) be the third derivative of 0 + 7/6*h**3 + 0*h - 4*h**2 - 1/24*h**4. Let l be f(8). Determine i(l).
-3
Suppose 2*y + 3*y - 4 = 4*o, -5*o = 3*y + 5. Let i(c) = 6 - c**2 + 10 - 13*c**2 - 15. Determine i(o).
-13
Let s(a) be the second derivative of 1/2*a**3 - 31*a + 4*a**2 + 0. What is s(6)?
26
Let g = 19 + -21. Let a(j) be the third derivative of j**6/120 + j**5/20 - j**4/12 - j**3/2 - 6*j**2 - 3*j. What is a(g)?
5
Let w(i) be the second derivative of -i**5/20 + 5*i**4/3 - 19*i**3/6 - 7*i**2/2 - 3*i - 45. What is w(19)?
-7
Let g(n) = -14*n - 6. Let y(m) = 14*m + 5. Let s(c) = 4*g(c) + 5*y(c). Suppose 8 - 11 = 3*p. Give s(p).
-13
Let f(y) = -3*y**3 + y**2 - 13*y - 4. Let j(w) = -w**3 - 2*w - 1. Let l(o) = f(o) - 4*j(o). Calculate l(-2).
6
Let a(z) be the second derivative of -z**4/12 - 5*z**3/3 - 15*z**2/2 - 620*z. Determine a(-7).
6
Let m(a) = -a**3 - 2*a + 6. Suppose -10*z - z - 15*z = 0. What is m(z)?
6
Let u(p) = -p**3 - 3*p**2 - 4*p + 1. Let i be u(-3). Let d(k) = -7*k - 7 + i - 5. Determine d(-1).
8
Suppose 20*k - 15*k - 2*v - 24 = 0, 0 = -3*k + 3*v + 9. Let s(h) = h**3 - 7*h**2 + 6*h + 4. What is s(k)?
4
Let g(p) be the second derivative of 0 + 5*p + 5/2*p**2 - 1/12*p**4 - 5/6*p**3. Let d(n) = 2*n + 7. Let a be d(-6). Calculate g(a).
5
Let j(q) = -q**3 + 13*q**2 + 12*q + 30. Let m be j(14). Let f(z) = -5*z - 78*z**m + 79*z**2 - 1 - 4. Give f(5).
-5
Suppose -15*u = 10*u - 50. Let d(y) = -11*y + 17. Calculate d(u).
-5
Let v(q) = -8*q**3 - q - 1. Let o be 2 - (2 - 2 - 1). Let u be (6/6)/((-1)/o). Let j be 1 + 0/u + -2. Calculate v(j).
8
Let t(l) be the second derivative of -l**4/6 + l**3/2 - l**2/2 + 5*l. Let g = 12 - 7. Suppose -g*o = -8 - 2. Calculate t(o).
-3
Let n(j) = -3*j - 10. Let p(q) = q**2 - 5*q + 2. Let f be p(3). Let t be n(f). Let m(b) = b - 2*b + t*b. What is m(-2)?
-2
Let g(s) = 3*s**3 - 5*s**2 + 5*s - 4. Let u(n) = -n**3 - n**2 + n. Let y(l) = g(l) + 2*u(l). Suppose 6*k - 76 + 40 = 0. Determine y(k).
2
Suppose 4*d - 5 = 63. Let v(o) = 14*o - 2 + 2 + 5 - d*o. What is v(4)?
-7
Let b(m) = m - 1. Let q(o) = o**3 - 4*o**2 + 5*o - 16. Let i be (-40)/(-15)*3 - 4. Let u be q(i). Calculate b(u).
3
Let o(i) = i**2 - 13*i + 11. Suppose 0 = -3*t - 5*r + 44, 19*t - 36 = 14*t + r. Calculate o(t).
-29
Let j be ((-20)/15 - 46/(-12))*2. Let b(z) = -3*z + 9. Give b(j).
-6
Let q(v) = -v**2 - 20*v - 27. Suppose 39*o = 31*o - 144. Determine q(o).
9
Let k = 52 - 57. Let s(l) = -l**3 - 4*l**2 + 7*l + 7. Calculate s(k).
-3
Suppose 4*w - 5*w + 28 = 5*j, -4 = -2*j + 2*w. Let n(v) = v**3 - 4*v**2 - 6*v - 6. Give n(j).
-11
Let q(i) = -i**2 + 12*i + 15. Let v(s) = -s. Let d(f) = q(f) - 5*v(f). Let g be d(18). Let p(j) = 2*j - 1. What is p(g)?
-7
Let h(k) = 2*k**2 - k - 7. Let z(i) = -5*i**2 + 2*i + 15. Let a(p) = 2*h(p) + z(p). Calculate a(3).
-8
Let a(n) = -57*n + 9. Let u(j) = j - 1. Let r(w) = -2*w - 4. Let b(k) = r(k) - 5*u(k). Let m(f) = 4*a(f) - 33*b(f). Give m(5).
18
Let s = 151/6660 + -2/333. Let g(b) be the third derivative of -10*b**2 - s*b**5 - 5/24*b**4 + 0*b + 0 + 1/2*b**3. What is g(-5)?
3
Let o = -16 + 14. Let q(s) = 2*s**2 + 2*s - 2. Determine q(o).
2
Let v(o) = -18*o**2 + o + 1. Let n(z) = -2*z**3 - 18*z